{"id":48,"date":"2014-07-15T09:37:16","date_gmt":"2014-07-15T09:37:16","guid":{"rendered":"http:\/\/laabadiadesieste.com\/?page_id=48"},"modified":"2023-10-03T16:55:03","modified_gmt":"2023-10-03T14:55:03","slug":"actividades","status":"publish","type":"page","link":"https:\/\/laabadiadesieste.com\/web\/actividades","title":{"rendered":"Actividades"},"content":{"rendered":"\t\t<div data-elementor-type=\"wp-page\" data-elementor-id=\"48\" class=\"elementor elementor-48\">\n\t\t\t\t\t\t\t\t\t<section class=\"elementor-section elementor-top-section elementor-element elementor-element-180b263c elementor-section-boxed elementor-section-height-default elementor-section-height-default\" data-id=\"180b263c\" data-element_type=\"section\">\n\t\t\t\t\t\t<div class=\"elementor-container elementor-column-gap-default\">\n\t\t\t\t\t<div class=\"elementor-column elementor-col-100 elementor-top-column elementor-element elementor-element-55168ce2\" data-id=\"55168ce2\" data-element_type=\"column\">\n\t\t\t<div class=\"elementor-widget-wrap elementor-element-populated\">\n\t\t\t\t\t\t\t\t<div class=\"elementor-element elementor-element-689aa34 elementor-invisible elementor-widget elementor-widget-heading\" data-id=\"689aa34\" data-element_type=\"widget\" data-settings=\"{&quot;_animation&quot;:&quot;fadeInLeft&quot;}\" data-widget_type=\"heading.default\">\n\t\t\t\t<div class=\"elementor-widget-container\">\n\t\t\t<h2 class=\"elementor-heading-title elementor-size-default\">Aventura...\n<\/h2>\t\t<\/div>\n\t\t\t\t<\/div>\n\t\t\t\t<div class=\"elementor-element elementor-element-000acb8 elementor-invisible elementor-widget elementor-widget-heading\" data-id=\"000acb8\" data-element_type=\"widget\" data-settings=\"{&quot;_animation&quot;:&quot;fadeInDown&quot;}\" data-widget_type=\"heading.default\">\n\t\t\t\t<div class=\"elementor-widget-container\">\n\t\t\t<h2 class=\"elementor-heading-title elementor-size-default\">Naturaleza...<\/h2>\t\t<\/div>\n\t\t\t\t<\/div>\n\t\t\t\t<div class=\"elementor-element elementor-element-1961114e elementor-widget elementor-widget-text-editor\" data-id=\"1961114e\" data-element_type=\"widget\" data-widget_type=\"text-editor.default\">\n\t\t\t\t<div class=\"elementor-widget-container\">\n\t\t\t\t\t\t\t<p style=\"text-align: center;\">\u00a0<\/p><p>\u00a0<\/p><p style=\"text-align: center;\">Estar situados al lado del Parque Nacional de Ordesa y Monte Perdido, y de los Parques Naturales de Posets Maladeta y el de los Ca\u00f1ones de la Sierra de Guara nos permite elegir entre infinidad de planes para para todos los gustos, desde el mas aventurero hasta el que viene buscando paz y tranquilidad.\u00a0<\/p><p style=\"text-align: center;\">Aventura, relax y gastronom\u00eda son las palabras que definen al Sobrarbe<\/p><p style=\"text-align: center;\">Si eres amante del barranquismo, BTT, senderismo&#8230;\u00a0 y amante de la naturaleza ante todo&#8230; \u00a1No dejes de visitarnos!<\/p><p>A continuaci\u00f3n puede ver algunas de las excursiones que se pueden hacer: <a href=\"https:\/\/laabadiadesieste.com\/web\/wp-content\/uploads\/2023\/06\/GUIA_EXCURSIONES_SOBRARBE_AETS_2022.pdf\">GUIA_EXCURSIONES_SOBRARBE_AETS_2022<\/a><\/p><p style=\"text-align: center;\">\u00a0<\/p>\t\t\t\t\t\t<\/div>\n\t\t\t\t<\/div>\n\t\t\t\t<div class=\"elementor-element elementor-element-4c3bb66 elementor-widget elementor-widget-heading\" data-id=\"4c3bb66\" data-element_type=\"widget\" data-widget_type=\"heading.default\">\n\t\t\t\t<div class=\"elementor-widget-container\">\n\t\t\t<h2 class=\"elementor-heading-title elementor-size-default\">Actividades<\/h2>\t\t<\/div>\n\t\t\t\t<\/div>\n\t\t\t\t<div class=\"elementor-element elementor-element-87047b9 elementor-widget elementor-widget-spacer\" data-id=\"87047b9\" data-element_type=\"widget\" data-widget_type=\"spacer.default\">\n\t\t\t\t<div class=\"elementor-widget-container\">\n\t\t\t\t\t<div class=\"elementor-spacer\">\n\t\t\t<div class=\"elementor-spacer-inner\"><\/div>\n\t\t<\/div>\n\t\t\t\t<\/div>\n\t\t\t\t<\/div>\n\t\t\t\t<div class=\"elementor-element elementor-element-9c917cf elementor-widget elementor-widget-text-editor\" data-id=\"9c917cf\" data-element_type=\"widget\" data-widget_type=\"text-editor.default\">\n\t\t\t\t<div class=\"elementor-widget-container\">\n\t\t\t\t\t\t\t<div class=\"elementor-element elementor-element-429f1671 elementor-widget elementor-widget-heading\" data-id=\"429f1671\" data-element_type=\"widget\" data-widget_type=\"heading.default\"><div class=\"elementor-widget-container\"><h2 class=\"elementor-heading-title elementor-size-default\">Volar desde siempre ha sido un deseo del ser humano que lo cre\u00eda destinado a divinidades\u2026<\/h2><\/div><\/div><div class=\"elementor-element elementor-element-379d29b0 elementor-widget elementor-widget-text-editor\" data-id=\"379d29b0\" data-element_type=\"widget\" data-widget_type=\"text-editor.default\"><div class=\"elementor-widget-container\"><div class=\"elementor-element elementor-element-1838a3c5 elementor-widget elementor-widget-heading animated fadeInUp\" data-id=\"1838a3c5\" data-element_type=\"widget\" data-settings=\"{&quot;_animation&quot;:&quot;fadeInUp&quot;}\" data-widget_type=\"heading.default\"><div class=\"elementor-widget-container\"><h1 class=\"elementor-heading-title elementor-size-default\">Vuela en autogiro sobre el Pirineo Aragon\u00e9s<\/h1><\/div><\/div><div class=\"elementor-element elementor-element-39d2536d elementor-widget elementor-widget-text-editor\" data-id=\"39d2536d\" data-element_type=\"widget\" data-widget_type=\"text-editor.default\"><div class=\"elementor-widget-container\"><p>Te proponemos una experiencia inolvidable en un entorno espectacular acompa\u00f1ado de un piloto profesional. Disfruta del Pirineo y su entorno de una forma diferente. Lo ver\u00e1s todo desde un \u00e1ngulo privilegiado y lo recordar\u00e1s toda tu vida.<\/p><\/div><p>Tel\u00e9fono: -346 54 10 10 10 \/ +34 686 21 93 80<\/p><p>Donde esta:\u00a0<a href=\"https:\/\/maps.app.goo.gl\/4pSRbCfHNt43SC7B9\">https:\/\/maps.app.goo.gl\/4pSRbCfHNt43SC7B9<\/a><\/p><p>Web:\u00a0<a href=\"https:\/\/girolibre.es\/\">https:\/\/girolibre.es\/<\/a><\/p><\/div><\/div><\/div>\t\t\t\t\t\t<\/div>\n\t\t\t\t<\/div>\n\t\t\t\t<section class=\"elementor-section elementor-inner-section elementor-element elementor-element-c6840f6 elementor-section-boxed elementor-section-height-default elementor-section-height-default\" data-id=\"c6840f6\" data-element_type=\"section\">\n\t\t\t\t\t\t<div class=\"elementor-container elementor-column-gap-default\">\n\t\t\t\t\t<div class=\"elementor-column elementor-col-50 elementor-inner-column elementor-element elementor-element-ce5d944\" data-id=\"ce5d944\" data-element_type=\"column\">\n\t\t\t<div class=\"elementor-widget-wrap elementor-element-populated\">\n\t\t\t\t\t\t\t\t<div class=\"elementor-element elementor-element-c717081 elementor-widget elementor-widget-image\" data-id=\"c717081\" data-element_type=\"widget\" data-widget_type=\"image.default\">\n\t\t\t\t<div class=\"elementor-widget-container\">\n\t\t\t\t\t\t\t\t\t\t\t\t\t\t\t<img decoding=\"async\" src=\"https:\/\/laabadiadesieste.com\/web\/wp-content\/uploads\/2023\/07\/WhatsApp-Image-2023-07-10-at-16.55.18.jpeg\" title=\"WhatsApp Image 2023-07-10 at 16.55.18\" alt=\"WhatsApp Image 2023-07-10 at 16.55.18\" loading=\"lazy\" \/>\t\t\t\t\t\t\t\t\t\t\t\t\t\t\t<\/div>\n\t\t\t\t<\/div>\n\t\t\t\t\t<\/div>\n\t\t<\/div>\n\t\t\t\t<div class=\"elementor-column elementor-col-50 elementor-inner-column elementor-element elementor-element-b32972a\" data-id=\"b32972a\" data-element_type=\"column\">\n\t\t\t<div class=\"elementor-widget-wrap elementor-element-populated\">\n\t\t\t\t\t\t\t\t<div class=\"elementor-element elementor-element-0fb8957 elementor-widget elementor-widget-image\" data-id=\"0fb8957\" data-element_type=\"widget\" data-widget_type=\"image.default\">\n\t\t\t\t<div class=\"elementor-widget-container\">\n\t\t\t\t\t\t\t\t\t\t\t\t\t\t\t<img decoding=\"async\" width=\"1440\" height=\"1080\" src=\"https:\/\/laabadiadesieste.com\/web\/wp-content\/uploads\/2023\/07\/WhatsApp-Image-2023-07-10-at-16.58.17-1440x1080.jpeg\" class=\"attachment-mesmerize-full-hd size-mesmerize-full-hd wp-image-2019\" alt=\"\" loading=\"lazy\" srcset=\"https:\/\/laabadiadesieste.com\/web\/wp-content\/uploads\/2023\/07\/WhatsApp-Image-2023-07-10-at-16.58.17-1440x1080.jpeg 1440w, https:\/\/laabadiadesieste.com\/web\/wp-content\/uploads\/2023\/07\/WhatsApp-Image-2023-07-10-at-16.58.17-300x225.jpeg 300w, https:\/\/laabadiadesieste.com\/web\/wp-content\/uploads\/2023\/07\/WhatsApp-Image-2023-07-10-at-16.58.17-1024x768.jpeg 1024w, https:\/\/laabadiadesieste.com\/web\/wp-content\/uploads\/2023\/07\/WhatsApp-Image-2023-07-10-at-16.58.17-768x576.jpeg 768w, https:\/\/laabadiadesieste.com\/web\/wp-content\/uploads\/2023\/07\/WhatsApp-Image-2023-07-10-at-16.58.17-1536x1152.jpeg 1536w, https:\/\/laabadiadesieste.com\/web\/wp-content\/uploads\/2023\/07\/WhatsApp-Image-2023-07-10-at-16.58.17.jpeg 1600w\" sizes=\"(max-width: 1440px) 100vw, 1440px\" \/>\t\t\t\t\t\t\t\t\t\t\t\t\t\t\t<\/div>\n\t\t\t\t<\/div>\n\t\t\t\t\t<\/div>\n\t\t<\/div>\n\t\t\t\t\t\t\t<\/div>\n\t\t<\/section>\n\t\t\t\t\t<\/div>\n\t\t<\/div>\n\t\t\t\t\t\t\t<\/div>\n\t\t<\/section>\n\t\t\t\t\t\t\t<\/div>\n\t\t","protected":false},"excerpt":{"rendered":"<p>Aventura&#8230; Naturaleza&#8230; \u00a0 \u00a0 Estar situados al lado del Parque Nacional de Ordesa y Monte Perdido, y de los Parques Naturales de Posets Maladeta y el de los Ca\u00f1ones de la Sierra de Guara nos permite elegir entre infinidad de planes para para todos los gustos, desde el mas aventurero hasta el que viene buscando&hellip; <br \/> <a class=\"read-more\" href=\"https:\/\/laabadiadesieste.com\/web\/actividades\">Leer m\u00e1s<\/a><\/p>\n","protected":false},"author":1,"featured_media":0,"parent":0,"menu_order":0,"comment_status":"closed","ping_status":"open","template":"","meta":[],"yoast_head":"<!-- This site is optimized with the Yoast SEO plugin v20.9 - https:\/\/yoast.com\/wordpress\/plugins\/seo\/ -->\n<title>Actividades - Hotel L&#039; Abad\u00eda de Sieste<\/title>\n<meta name=\"description\" content=\"Si eres amante del barranquismo, BTT, senderismo...\u00a0 y amante de la naturaleza ante todo... \u00a1No dejes de visitarnos!\" \/>\n<meta name=\"robots\" content=\"index, follow, max-snippet:-1, max-image-preview:large, max-video-preview:-1\" \/>\n<link rel=\"canonical\" href=\"https:\/\/laabadiadesieste.com\/web\/actividades\" \/>\n<meta property=\"og:locale\" content=\"es_ES\" \/>\n<meta property=\"og:type\" content=\"article\" \/>\n<meta property=\"og:title\" content=\"Actividades - Hotel L&#039; Abad\u00eda de Sieste\" \/>\n<meta property=\"og:description\" content=\"Si eres amante del barranquismo, BTT, senderismo...\u00a0 y amante de la naturaleza ante todo... \u00a1No dejes de visitarnos!\" \/>\n<meta property=\"og:url\" content=\"https:\/\/laabadiadesieste.com\/web\/actividades\" \/>\n<meta property=\"og:site_name\" content=\"Hotel L&#039; Abad\u00eda de Sieste\" \/>\n<meta property=\"article:publisher\" content=\"https:\/\/www.facebook.com\/profile.php?id=100051533394563\" \/>\n<meta property=\"article:modified_time\" content=\"2023-10-03T14:55:03+00:00\" \/>\n<meta property=\"og:image\" content=\"https:\/\/laabadiadesieste.com\/web\/wp-content\/uploads\/2023\/07\/WhatsApp-Image-2023-07-10-at-16.55.18.jpeg\" \/>\n<meta name=\"twitter:card\" content=\"summary_large_image\" \/>\n<meta name=\"twitter:label1\" content=\"Tiempo de lectura\" \/>\n\t<meta name=\"twitter:data1\" content=\"2 minutos\" \/>\n<script type=\"application\/ld+json\" class=\"yoast-schema-graph\">{\"@context\":\"https:\/\/schema.org\",\"@graph\":[{\"@type\":\"WebPage\",\"@id\":\"https:\/\/laabadiadesieste.com\/web\/actividades\",\"url\":\"https:\/\/laabadiadesieste.com\/web\/actividades\",\"name\":\"Actividades - Hotel L&#039; Abad\u00eda de Sieste\",\"isPartOf\":{\"@id\":\"https:\/\/laabadiadesieste.com\/web\/#website\"},\"datePublished\":\"2014-07-15T09:37:16+00:00\",\"dateModified\":\"2023-10-03T14:55:03+00:00\",\"description\":\"Si eres amante del barranquismo, BTT, senderismo...\u00a0 y amante de la naturaleza ante todo... \u00a1No dejes de visitarnos!\",\"breadcrumb\":{\"@id\":\"https:\/\/laabadiadesieste.com\/web\/actividades#breadcrumb\"},\"inLanguage\":\"es\",\"potentialAction\":[{\"@type\":\"ReadAction\",\"target\":[\"https:\/\/laabadiadesieste.com\/web\/actividades\"]}]},{\"@type\":\"BreadcrumbList\",\"@id\":\"https:\/\/laabadiadesieste.com\/web\/actividades#breadcrumb\",\"itemListElement\":[{\"@type\":\"ListItem\",\"position\":1,\"name\":\"Home\",\"item\":\"https:\/\/laabadiadesieste.com\/web\/\"},{\"@type\":\"ListItem\",\"position\":2,\"name\":\"Actividades\"}]},{\"@type\":\"WebSite\",\"@id\":\"https:\/\/laabadiadesieste.com\/web\/#website\",\"url\":\"https:\/\/laabadiadesieste.com\/web\/\",\"name\":\"Hotel La Abadia de Sieste\",\"description\":\"Hotel Rural en Bolta\u00f1a\",\"publisher\":{\"@id\":\"https:\/\/laabadiadesieste.com\/web\/#organization\"},\"potentialAction\":[{\"@type\":\"SearchAction\",\"target\":{\"@type\":\"EntryPoint\",\"urlTemplate\":\"https:\/\/laabadiadesieste.com\/web\/?s={search_term_string}\"},\"query-input\":\"required name=search_term_string\"}],\"inLanguage\":\"es\"},{\"@type\":\"Organization\",\"@id\":\"https:\/\/laabadiadesieste.com\/web\/#organization\",\"name\":\"L' Abad\u00eda de Sieste\",\"url\":\"https:\/\/laabadiadesieste.com\/web\/\",\"logo\":{\"@type\":\"ImageObject\",\"inLanguage\":\"es\",\"@id\":\"https:\/\/laabadiadesieste.com\/web\/#\/schema\/logo\/image\/\",\"url\":\"https:\/\/laabadiadesieste.com\/web\/wp-content\/uploads\/2014\/07\/cropped-logo.png\",\"contentUrl\":\"https:\/\/laabadiadesieste.com\/web\/wp-content\/uploads\/2014\/07\/cropped-logo.png\",\"width\":512,\"height\":512,\"caption\":\"L' Abad\u00eda de Sieste\"},\"image\":{\"@id\":\"https:\/\/laabadiadesieste.com\/web\/#\/schema\/logo\/image\/\"},\"sameAs\":[\"https:\/\/www.facebook.com\/profile.php?id=100051533394563\",\"https:\/\/www.instagram.com\/laabadiadesieste\/\"]}]}<\/script>\n<!-- \/ Yoast SEO plugin. -->","yoast_head_json":{"title":"Actividades - Hotel L&#039; Abad\u00eda de Sieste","description":"Si eres amante del barranquismo, BTT, senderismo...\u00a0 y amante de la naturaleza ante todo... \u00a1No dejes de visitarnos!","robots":{"index":"index","follow":"follow","max-snippet":"max-snippet:-1","max-image-preview":"max-image-preview:large","max-video-preview":"max-video-preview:-1"},"canonical":"https:\/\/laabadiadesieste.com\/web\/actividades","og_locale":"es_ES","og_type":"article","og_title":"Actividades - Hotel L&#039; Abad\u00eda de Sieste","og_description":"Si eres amante del barranquismo, BTT, senderismo...\u00a0 y amante de la naturaleza ante todo... \u00a1No dejes de visitarnos!","og_url":"https:\/\/laabadiadesieste.com\/web\/actividades","og_site_name":"Hotel L&#039; Abad\u00eda de Sieste","article_publisher":"https:\/\/www.facebook.com\/profile.php?id=100051533394563","article_modified_time":"2023-10-03T14:55:03+00:00","og_image":[{"url":"https:\/\/laabadiadesieste.com\/web\/wp-content\/uploads\/2023\/07\/WhatsApp-Image-2023-07-10-at-16.55.18.jpeg"}],"twitter_card":"summary_large_image","twitter_misc":{"Tiempo de lectura":"2 minutos"},"schema":{"@context":"https:\/\/schema.org","@graph":[{"@type":"WebPage","@id":"https:\/\/laabadiadesieste.com\/web\/actividades","url":"https:\/\/laabadiadesieste.com\/web\/actividades","name":"Actividades - Hotel L&#039; Abad\u00eda de Sieste","isPartOf":{"@id":"https:\/\/laabadiadesieste.com\/web\/#website"},"datePublished":"2014-07-15T09:37:16+00:00","dateModified":"2023-10-03T14:55:03+00:00","description":"Si eres amante del barranquismo, BTT, senderismo...\u00a0 y amante de la naturaleza ante todo... \u00a1No dejes de visitarnos!","breadcrumb":{"@id":"https:\/\/laabadiadesieste.com\/web\/actividades#breadcrumb"},"inLanguage":"es","potentialAction":[{"@type":"ReadAction","target":["https:\/\/laabadiadesieste.com\/web\/actividades"]}]},{"@type":"BreadcrumbList","@id":"https:\/\/laabadiadesieste.com\/web\/actividades#breadcrumb","itemListElement":[{"@type":"ListItem","position":1,"name":"Home","item":"https:\/\/laabadiadesieste.com\/web\/"},{"@type":"ListItem","position":2,"name":"Actividades"}]},{"@type":"WebSite","@id":"https:\/\/laabadiadesieste.com\/web\/#website","url":"https:\/\/laabadiadesieste.com\/web\/","name":"Hotel La Abadia de Sieste","description":"Hotel Rural en Bolta\u00f1a","publisher":{"@id":"https:\/\/laabadiadesieste.com\/web\/#organization"},"potentialAction":[{"@type":"SearchAction","target":{"@type":"EntryPoint","urlTemplate":"https:\/\/laabadiadesieste.com\/web\/?s={search_term_string}"},"query-input":"required name=search_term_string"}],"inLanguage":"es"},{"@type":"Organization","@id":"https:\/\/laabadiadesieste.com\/web\/#organization","name":"L' Abad\u00eda de Sieste","url":"https:\/\/laabadiadesieste.com\/web\/","logo":{"@type":"ImageObject","inLanguage":"es","@id":"https:\/\/laabadiadesieste.com\/web\/#\/schema\/logo\/image\/","url":"https:\/\/laabadiadesieste.com\/web\/wp-content\/uploads\/2014\/07\/cropped-logo.png","contentUrl":"https:\/\/laabadiadesieste.com\/web\/wp-content\/uploads\/2014\/07\/cropped-logo.png","width":512,"height":512,"caption":"L' Abad\u00eda de Sieste"},"image":{"@id":"https:\/\/laabadiadesieste.com\/web\/#\/schema\/logo\/image\/"},"sameAs":["https:\/\/www.facebook.com\/profile.php?id=100051533394563","https:\/\/www.instagram.com\/laabadiadesieste\/"]}]}},"_links":{"self":[{"href":"https:\/\/laabadiadesieste.com\/web\/wp-json\/wp\/v2\/pages\/48"}],"collection":[{"href":"https:\/\/laabadiadesieste.com\/web\/wp-json\/wp\/v2\/pages"}],"about":[{"href":"https:\/\/laabadiadesieste.com\/web\/wp-json\/wp\/v2\/types\/page"}],"author":[{"embeddable":true,"href":"https:\/\/laabadiadesieste.com\/web\/wp-json\/wp\/v2\/users\/1"}],"replies":[{"embeddable":true,"href":"https:\/\/laabadiadesieste.com\/web\/wp-json\/wp\/v2\/comments?post=48"}],"version-history":[{"count":35,"href":"https:\/\/laabadiadesieste.com\/web\/wp-json\/wp\/v2\/pages\/48\/revisions"}],"predecessor-version":[{"id":2141,"href":"https:\/\/laabadiadesieste.com\/web\/wp-json\/wp\/v2\/pages\/48\/revisions\/2141"}],"wp:attachment":[{"href":"https:\/\/laabadiadesieste.com\/web\/wp-json\/wp\/v2\/media?parent=48"}],"curies":[{"name":"wp","href":"https:\/\/api.w.org\/{rel}","templated":true}]}}